{"id":6760,"date":"2021-07-31T19:27:35","date_gmt":"2021-07-31T19:27:35","guid":{"rendered":"https:\/\/dcloots.in\/?product=lakme-enrich-matte-lipstick-shade-rm18-4-7g"},"modified":"2023-04-11T05:50:39","modified_gmt":"2023-04-11T05:50:39","slug":"lakme-enrich-matte-lipstick-shade-rm18-4-7g","status":"publish","type":"product","link":"https:\/\/dcloots.in\/?product=lakme-enrich-matte-lipstick-shade-rm18-4-7g","title":{"rendered":"Lakme Enrich Matte Lipstick, Shade RM18, 4.7g"},"content":{"rendered":"<p><!-- show up to 2 reviews by default --><\/p>\n<p>India\u2019s number 1 enrich lipsticks are now in a matte finish for the first time. Add some lovely colour to your lips with the Lakm\u00e9 enrich matte lipstick, each of the Lakm\u00e9 enrich matte lipsticks gives you long lasting lip colour. The shades are specially designed to give an even, luscious coat to your lips. The vitamin E content nourishes your lips and makes them soft and supple. The lipsticks also contain olive extracts that replenish your lips while hydrating them. The high colour delivery feature ensures that you get long lasting shine and colour. The Lakm\u00e9 enrich matte lipsticks do not drag while applying and do not dry the lips. The lipsticks have a creamy matte texture that is comfortable to wear. The Lakm\u00e9 enrich matte lipsticks have the finish and colour delivery of matte lipsticks, but the comfort of cr\u00e8me lipsticks, designed to match your skin tone. One coat and you are set to go. The Lakm\u00e9 enrich lipsticks offer intense colour pay-off across shade families. So pick Lakm\u00e9 enrich satins lip colour in your favourite shade, now.<\/p>\n<p>Lipstick now in a matte format for the first time<br \/>\nCreamy matte texture that is comfortable to wear<br \/>\nNo drag on lips<br \/>\nIntense color payoff<br \/>\nDigital images of the shade may slightly vary the actual product shade.This can happen since high resolution images are compressed to load on website and that might slightly change the shades tone or finish on digital screen<br \/>\nFinish and color delivery of matte lipsticks but confort of creme lipsticks<br \/>\n<\/p>\n","protected":false},"excerpt":{"rendered":"<p>Lipstick now in a matte format for the first time<br \/>\nCreamy matte texture that is comfortable to wear<br \/>\nNo drag on lips<\/p>\n","protected":false},"featured_media":6761,"comment_status":"open","ping_status":"closed","template":"","meta":[],"product_cat":[34,1027,1028,650],"product_tag":[],"class_list":{"0":"post-6760","1":"product","2":"type-product","3":"status-publish","4":"has-post-thumbnail","6":"product_cat-beauty","7":"product_cat-lips","8":"product_cat-lipsticks","9":"product_cat-make-up-and-nails","10":"align-center","11":"box-shadow-5","12":"box-shadow-5-hover","13":"ast-product-gallery-layout-horizontal","14":"ast-product-tabs-layout-horizontal","16":"first","17":"instock","18":"shipping-taxable","19":"product-type-external"},"yoast_head":"<!-- This site is optimized with the Yoast SEO plugin v21.3 - https:\/\/yoast.com\/wordpress\/plugins\/seo\/ -->\n<title>Lakme Enrich Matte Lipstick, Shade RM18, 4.7g - dcloots.in<\/title>\n<meta name=\"robots\" content=\"index, follow, max-snippet:-1, max-image-preview:large, max-video-preview:-1\" \/>\n<link rel=\"canonical\" href=\"https:\/\/dcloots.in\/?product=lakme-enrich-matte-lipstick-shade-rm18-4-7g\" \/>\n<meta property=\"og:locale\" content=\"en_US\" \/>\n<meta property=\"og:type\" content=\"article\" \/>\n<meta property=\"og:title\" content=\"Lakme Enrich Matte Lipstick, Shade RM18, 4.7g - dcloots.in\" \/>\n<meta property=\"og:description\" content=\"Lipstick now in a matte format for the first time Creamy matte texture that is comfortable to wear No drag on lips\" \/>\n<meta property=\"og:url\" content=\"https:\/\/dcloots.in\/?product=lakme-enrich-matte-lipstick-shade-rm18-4-7g\" \/>\n<meta property=\"og:site_name\" content=\"dcloots.in\" \/>\n<meta property=\"article:modified_time\" content=\"2023-04-11T05:50:39+00:00\" \/>\n<meta property=\"og:image\" content=\"https:\/\/m.media-amazon.com\/images\/I\/41N9YEGjKHL.jpg\" \/>\n\t<meta property=\"og:image:width\" content=\"500\" \/>\n\t<meta property=\"og:image:height\" content=\"500\" \/>\n\t<meta property=\"og:image:type\" content=\"image\/jpeg\" \/>\n<meta name=\"twitter:card\" content=\"summary_large_image\" \/>\n<meta name=\"twitter:label1\" content=\"Est. reading time\" \/>\n\t<meta name=\"twitter:data1\" content=\"1 minute\" \/>\n<script type=\"application\/ld+json\" class=\"yoast-schema-graph\">{\"@context\":\"https:\/\/schema.org\",\"@graph\":[{\"@type\":\"WebPage\",\"@id\":\"https:\/\/dcloots.in\/?product=lakme-enrich-matte-lipstick-shade-rm18-4-7g\",\"url\":\"https:\/\/dcloots.in\/?product=lakme-enrich-matte-lipstick-shade-rm18-4-7g\",\"name\":\"Lakme Enrich Matte Lipstick, Shade RM18, 4.7g - dcloots.in\",\"isPartOf\":{\"@id\":\"https:\/\/dcloots.in\/#website\"},\"datePublished\":\"2021-07-31T19:27:35+00:00\",\"dateModified\":\"2023-04-11T05:50:39+00:00\",\"breadcrumb\":{\"@id\":\"https:\/\/dcloots.in\/?product=lakme-enrich-matte-lipstick-shade-rm18-4-7g#breadcrumb\"},\"inLanguage\":\"en-US\",\"potentialAction\":[{\"@type\":\"ReadAction\",\"target\":[\"https:\/\/dcloots.in\/?product=lakme-enrich-matte-lipstick-shade-rm18-4-7g\"]}]},{\"@type\":\"BreadcrumbList\",\"@id\":\"https:\/\/dcloots.in\/?product=lakme-enrich-matte-lipstick-shade-rm18-4-7g#breadcrumb\",\"itemListElement\":[{\"@type\":\"ListItem\",\"position\":1,\"name\":\"Home\",\"item\":\"https:\/\/dcloots.in\/\"},{\"@type\":\"ListItem\",\"position\":2,\"name\":\"Homepage\",\"item\":\"https:\/\/dcloots.in\/\"},{\"@type\":\"ListItem\",\"position\":3,\"name\":\"Lakme Enrich Matte Lipstick, Shade RM18, 4.7g\"}]},{\"@type\":\"WebSite\",\"@id\":\"https:\/\/dcloots.in\/#website\",\"url\":\"https:\/\/dcloots.in\/\",\"name\":\"dcloots.in\",\"description\":\"Best online shopping loot deals and offers\",\"publisher\":{\"@id\":\"https:\/\/dcloots.in\/#organization\"},\"potentialAction\":[{\"@type\":\"SearchAction\",\"target\":{\"@type\":\"EntryPoint\",\"urlTemplate\":\"https:\/\/dcloots.in\/?s={search_term_string}\"},\"query-input\":\"required name=search_term_string\"}],\"inLanguage\":\"en-US\"},{\"@type\":\"Organization\",\"@id\":\"https:\/\/dcloots.in\/#organization\",\"name\":\"dcloots\",\"url\":\"https:\/\/dcloots.in\/\",\"logo\":{\"@type\":\"ImageObject\",\"inLanguage\":\"en-US\",\"@id\":\"https:\/\/dcloots.in\/#\/schema\/logo\/image\/\",\"url\":\"https:\/\/dcloots.in\/wp-content\/uploads\/2021\/01\/cropped-cropped-DC-Loots.png\",\"contentUrl\":\"https:\/\/dcloots.in\/wp-content\/uploads\/2021\/01\/cropped-cropped-DC-Loots.png\",\"width\":428,\"height\":110,\"caption\":\"dcloots\"},\"image\":{\"@id\":\"https:\/\/dcloots.in\/#\/schema\/logo\/image\/\"}}]}<\/script>\n<!-- \/ Yoast SEO plugin. -->","yoast_head_json":{"title":"Lakme Enrich Matte Lipstick, Shade RM18, 4.7g - dcloots.in","robots":{"index":"index","follow":"follow","max-snippet":"max-snippet:-1","max-image-preview":"max-image-preview:large","max-video-preview":"max-video-preview:-1"},"canonical":"https:\/\/dcloots.in\/?product=lakme-enrich-matte-lipstick-shade-rm18-4-7g","og_locale":"en_US","og_type":"article","og_title":"Lakme Enrich Matte Lipstick, Shade RM18, 4.7g - dcloots.in","og_description":"Lipstick now in a matte format for the first time Creamy matte texture that is comfortable to wear No drag on lips","og_url":"https:\/\/dcloots.in\/?product=lakme-enrich-matte-lipstick-shade-rm18-4-7g","og_site_name":"dcloots.in","article_modified_time":"2023-04-11T05:50:39+00:00","og_image":[{"width":500,"height":500,"url":"https:\/\/m.media-amazon.com\/images\/I\/41N9YEGjKHL.jpg","type":"image\/jpeg"}],"twitter_card":"summary_large_image","twitter_misc":{"Est. reading time":"1 minute"},"schema":{"@context":"https:\/\/schema.org","@graph":[{"@type":"WebPage","@id":"https:\/\/dcloots.in\/?product=lakme-enrich-matte-lipstick-shade-rm18-4-7g","url":"https:\/\/dcloots.in\/?product=lakme-enrich-matte-lipstick-shade-rm18-4-7g","name":"Lakme Enrich Matte Lipstick, Shade RM18, 4.7g - dcloots.in","isPartOf":{"@id":"https:\/\/dcloots.in\/#website"},"datePublished":"2021-07-31T19:27:35+00:00","dateModified":"2023-04-11T05:50:39+00:00","breadcrumb":{"@id":"https:\/\/dcloots.in\/?product=lakme-enrich-matte-lipstick-shade-rm18-4-7g#breadcrumb"},"inLanguage":"en-US","potentialAction":[{"@type":"ReadAction","target":["https:\/\/dcloots.in\/?product=lakme-enrich-matte-lipstick-shade-rm18-4-7g"]}]},{"@type":"BreadcrumbList","@id":"https:\/\/dcloots.in\/?product=lakme-enrich-matte-lipstick-shade-rm18-4-7g#breadcrumb","itemListElement":[{"@type":"ListItem","position":1,"name":"Home","item":"https:\/\/dcloots.in\/"},{"@type":"ListItem","position":2,"name":"Homepage","item":"https:\/\/dcloots.in\/"},{"@type":"ListItem","position":3,"name":"Lakme Enrich Matte Lipstick, Shade RM18, 4.7g"}]},{"@type":"WebSite","@id":"https:\/\/dcloots.in\/#website","url":"https:\/\/dcloots.in\/","name":"dcloots.in","description":"Best online shopping loot deals and offers","publisher":{"@id":"https:\/\/dcloots.in\/#organization"},"potentialAction":[{"@type":"SearchAction","target":{"@type":"EntryPoint","urlTemplate":"https:\/\/dcloots.in\/?s={search_term_string}"},"query-input":"required name=search_term_string"}],"inLanguage":"en-US"},{"@type":"Organization","@id":"https:\/\/dcloots.in\/#organization","name":"dcloots","url":"https:\/\/dcloots.in\/","logo":{"@type":"ImageObject","inLanguage":"en-US","@id":"https:\/\/dcloots.in\/#\/schema\/logo\/image\/","url":"https:\/\/dcloots.in\/wp-content\/uploads\/2021\/01\/cropped-cropped-DC-Loots.png","contentUrl":"https:\/\/dcloots.in\/wp-content\/uploads\/2021\/01\/cropped-cropped-DC-Loots.png","width":428,"height":110,"caption":"dcloots"},"image":{"@id":"https:\/\/dcloots.in\/#\/schema\/logo\/image\/"}}]}},"_links":{"self":[{"href":"https:\/\/dcloots.in\/index.php?rest_route=\/wp\/v2\/product\/6760","targetHints":{"allow":["GET"]}}],"collection":[{"href":"https:\/\/dcloots.in\/index.php?rest_route=\/wp\/v2\/product"}],"about":[{"href":"https:\/\/dcloots.in\/index.php?rest_route=\/wp\/v2\/types\/product"}],"replies":[{"embeddable":true,"href":"https:\/\/dcloots.in\/index.php?rest_route=%2Fwp%2Fv2%2Fcomments&post=6760"}],"wp:featuredmedia":[{"embeddable":true,"href":"https:\/\/dcloots.in\/index.php?rest_route=\/wp\/v2\/media\/6761"}],"wp:attachment":[{"href":"https:\/\/dcloots.in\/index.php?rest_route=%2Fwp%2Fv2%2Fmedia&parent=6760"}],"wp:term":[{"taxonomy":"product_cat","embeddable":true,"href":"https:\/\/dcloots.in\/index.php?rest_route=%2Fwp%2Fv2%2Fproduct_cat&post=6760"},{"taxonomy":"product_tag","embeddable":true,"href":"https:\/\/dcloots.in\/index.php?rest_route=%2Fwp%2Fv2%2Fproduct_tag&post=6760"}],"curies":[{"name":"wp","href":"https:\/\/api.w.org\/{rel}","templated":true}]}}